st common factor of 54 and 30606.
6
Calculate the greatest common divisor of 1316 and 50624.
28
Calculate the highest common divisor of 1291182 and 6.
6
Calculate the highest common divisor of 2015129 and 5245.
1049
Calculate the greatest common divisor of 1372 and 527926.
98
What is the highest common divisor of 60244 and 28?
4
Calculate the greatest common factor of 2542 and 2378.
82
What is the greatest common factor of 96 and 70620?
12
Calculate the highest common divisor of 17 and 23783.
17
Calculate the highest common factor of 11 and 1660494.
11
Calculate the highest common divisor of 909345 and 135.
15
Calculate the greatest common factor of 494721 and 73.
73
What is the greatest common divisor of 2244 and 6528?
204
What is the highest common divisor of 144 and 19782?
18
Calculate the greatest common factor of 391685 and 434.
217
What is the greatest common divisor of 4032 and 80?
16
Calculate the greatest common factor of 58432 and 178816.
704
What is the greatest common divisor of 56357 and 3977?
97
Calculate the highest common factor of 3140 and 1880.
20
What is the greatest common divisor of 203 and 1575?
7
Calculate the greatest common divisor of 37 and 1509.
1
What is the greatest common factor of 114 and 10438068?
114
Calculate the greatest common factor of 1474 and 119796.
134
What is the greatest common divisor of 222 and 344914?
74
Calculate the greatest common factor of 14532 and 1092.
84
What is the highest common factor of 3216255 and 315?
105
What is the greatest common factor of 12136 and 19024?
328
What is the highest common divisor of 5561 and 99849?
83
What is the greatest common factor of 2829 and 42804?
123
What is the highest common divisor of 354 and 152574?
354
Calculate the highest common factor of 2 and 26790.
2
What is the highest common factor of 166573 and 209?
209
What is the highest common divisor of 69078 and 116?
58
Calculate the highest common factor of 40 and 36280.
40
What is the greatest common factor of 61962 and 690?
138
What is the highest common factor of 104 and 542230?
26
Calculate the greatest common divisor of 196 and 4382.
14
What is the highest common factor of 5982376 and 4308?
1436
Calculate the greatest common divisor of 79202 and 398.
398
What is the highest common factor of 1043746 and 152?
38
Calculate the highest common factor of 13186 and 380.
38
Calculate the highest common divisor of 20546874 and 9.
9
What is the greatest common factor of 783 and 309?
3
What is the greatest common factor of 594 and 23991?
33
What is the highest common divisor of 13409 and 1012?
253
Calculate the greatest common factor of 520285 and 2720.
85
Calculate the highest common factor of 13038 and 265.
53
Calculate the highest common factor of 11835526 and 1052.
526
What is the greatest common divisor of 6450405 and 95?
95
Calculate the greatest common factor of 27 and 303507.
27
Calculate the highest common factor of 68964 and 840.
84
What is the highest common factor of 182 and 73346?
182
Calculate the greatest common divisor of 171269 and 86.
43
Calculate the highest common factor of 24768 and 261.
9
Calculate the highest common divisor of 1041 and 39211.
347
Calculate the greatest common divisor of 1378 and 18226.
26
Calculate the greatest common factor of 829 and 2376743.
829
What is the greatest common factor of 180 and 27660?
60
What is the greatest common factor of 645420 and 279?
93
Calculate the highest common divisor of 381662 and 46.
46
What is the greatest common factor of 84444 and 23808?
372
Calculate the greatest common factor of 296 and 165020.
148
Calculate the highest common divisor of 82980 and 450.
90
What is the highest common divisor of 46716 and 48?
12
Calculate the highest common divisor of 682 and 91946.
62
What is the highest common factor of 45 and 2843385?
15
What is the greatest common divisor of 16 and 73916?
4
Calculate the greatest common factor of 128214 and 2142.
306
What is the highest common factor of 19440 and 37368?
216
Calculate the highest common factor of 189 and 987.
21
Calculate the greatest common divisor of 27683 and 248.
31
Calculate the greatest common divisor of 210753 and 63.
9
Calculate the greatest common divisor of 13 and 506194.
13
What is the highest common factor of 77629 and 149?
149
Calculate the highest common factor of 12307 and 19592.
31
Calculate the highest common divisor of 988 and 19076.
76
What is the highest common divisor of 65 and 8801?
13
What is the greatest common divisor of 1235 and 19721?
13
What is the highest common divisor of 3775 and 7075?
25
What is the highest common divisor of 7 and 2887381?
7
Calculate the greatest common factor of 405 and 7760.
5
What is the highest common divisor of 537786 and 36?
18
Calculate the highest common factor of 84416 and 48.
16
What is the greatest common divisor of 652 and 5241428?
652
What is the highest common factor of 619 and 334879?
619
Calculate the greatest common factor of 20498 and 1073.
37
What is the greatest common divisor of 1197 and 19418?
133
What is the greatest common divisor of 1170591 and 307?
307
What is the highest common factor of 4639 and 1?
1
What is the greatest common divisor of 227187 and 45?
9
What is the highest common divisor of 1063473 and 107?
107
What is the highest common factor of 128554 and 2774?
38
What is the greatest common divisor of 4982 and 370152?
106
Calculate the highest common factor of 7695 and 315.
45
What is the highest common divisor of 21530 and 15?
5
Calculate the highest common divisor of 9170 and 200.
10
Calculate the highest common divisor of 19092 and 1184.
148
Calculate the greatest common divisor of 100080 and 1529.
139
What is the highest common divisor of 17199 and 784?
49
Calculate the greatest common divisor of 29860 and 60.
20
Calculate the highest common divisor of 58183 and 2407.
83
What is the highest common divisor of 6020 and 8815?
215
Calculate the highest common divisor of 445168 and 80.
16
What is the highest common factor of 1980 and 7040?
220
What is the greatest common divisor of 134724 and 17876?
436
Calculate the highest common divisor of 140 and 8988.
28
Calculate the greatest common factor of 69293 and 152.
19
What is the greatest common divisor of 72 and 537606?
18
Calculate the greatest common divisor of 4980 and 3765.
15
Calculate the greatest common divisor of 49979 and 106.
53
Calculate the greatest common divisor of 972 and 8622.
18
What is the greatest common factor of 31086 and 198?
198
What is the highest common divisor of 8 and 549804?
4
What is the greatest common divisor of 1600 and 2568400?
400
Calculate the greatest common factor of 17190 and 1321911.
1719
What is the highest common divisor of 213239 and 26?
13
Calculate the highest common factor of 67887 and 3.
3
What is the highest common factor of 732 and 160918?
122
What is the greatest common divisor of 885 and 7493?
59
Calculate the highest common factor of 102416 and 1036.
148
What is the highest common divisor of 20128 and 176?
16
Calculate the greatest common divisor of 505 and 220382.
101
Calculate the highest common divisor of 19376226 and 54.
54
What is the greatest common divisor of 609 and 1449?
21
Calculate the greatest common divisor of 1612 and 191456.
124
What is the greatest common divisor of 2 and 5870?
2
What is the greatest common divisor of 5608 and 17525?
701
What is the greatest common divisor of 3598 and 1386?
14
Calculate the greatest common factor of 21034 and 91.
13
Calculate the greatest common factor of 5705 and 280.
35
What is the greatest common divisor of 238260 and 484?
44
What is the greatest common divisor of 6330 and 144?
6
Calculate the greatest common factor of 2386015 and 305.
305
What is the greatest common factor of 328013 and 329?
329
Calculate the greatest common divisor of 12496 and 1041712.
1136
Calculate the greatest common factor of 790 and 100.
10
What is the greatest common divisor of 759 and 1512687?
759
Calculate the greatest common factor of 157011 and 1791.
597
Calculate the greatest common divisor of 11456 and 13962.
358
What is the greatest common factor of 6654 and 24?
6
What is the highest common factor of 20890 and 270?
10
Calculate the greatest common factor of 563 and 19195485.
563
What is